{"id":18,"date":"2015-04-20T19:10:07","date_gmt":"2015-04-20T19:10:07","guid":{"rendered":"http:\/\/digitila.fi\/WP\/K-9\/?page_id=18"},"modified":"2015-04-20T19:13:50","modified_gmt":"2015-04-20T19:13:50","slug":"rajakoirat","status":"publish","type":"page","link":"https:\/\/digitila.fi\/WP\/K-9\/rajakoirat\/","title":{"rendered":"RAJAKOIRAT"},"content":{"rendered":"<div id=\"attachment_19\" style=\"width: 1010px\" class=\"wp-caption alignnone\"><a href=\"http:\/\/digitila.fi\/WP\/K-9\/wp-content\/uploads\/sites\/4\/2015\/04\/Savukoski-1943.09.03-1000.jpg\"><img loading=\"lazy\" decoding=\"async\" aria-describedby=\"caption-attachment-19\" class=\"wp-image-19 size-full\" src=\"http:\/\/digitila.fi\/WP\/K-9\/wp-content\/uploads\/sites\/4\/2015\/04\/Savukoski-1943.09.03-1000.jpg\" alt=\"Savukoski 1943.09.03-1000\" width=\"1000\" height=\"1037\" srcset=\"https:\/\/digitila.fi\/WP\/K-9\/wp-content\/uploads\/sites\/4\/2015\/04\/Savukoski-1943.09.03-1000.jpg 1000w, https:\/\/digitila.fi\/WP\/K-9\/wp-content\/uploads\/sites\/4\/2015\/04\/Savukoski-1943.09.03-1000-289x300.jpg 289w, https:\/\/digitila.fi\/WP\/K-9\/wp-content\/uploads\/sites\/4\/2015\/04\/Savukoski-1943.09.03-1000-987x1024.jpg 987w\" sizes=\"(max-width: 1000px) 100vw, 1000px\" \/><\/a><p id=\"caption-attachment-19\" class=\"wp-caption-text\">SA-kuva: Partiossa Savukosken suunnalla<\/p><\/div>\n<p>&nbsp;<\/p>\n<p><a href=\"http:\/\/www.rajankoiramiehet.fi\/\" target=\"_blank\"><strong>RAJAKOIRA<\/strong><\/a><\/p>\n<p>Rajavartiolaitoksessa palvelevista koirista k\u00e4ytet\u00e4\u00e4n yleisnimityst\u00e4 rajakoira. Rajakoiralla voi olla koulutuslinjana rajavalvonta, rajatarkastus tai merivartio. Koirilta vaaditaan tottelevaisuuskoulutus sek\u00e4 koulutuslinjansa mukainen erikoisosaaminen<\/p>\n<ul>\n<li><b>Rajavalvontakoira<\/b> ty\u00f6skentelee maastorajalla ja sen p\u00e4\u00e4asiallinen teht\u00e4v\u00e4 on j\u00e4lkien etsiminen ja ajaminen. Koiralle koulutetaan my\u00f6s esine- ja henkil\u00f6etsint\u00e4 sek\u00e4 osalle erikoiskoulutuksena suojelua.<\/li>\n<li><b>Rajatarkastuskoira<\/b> ty\u00f6skentelee raja-asemalla etsien ajoneuvoihin k\u00e4tkeytyneit\u00e4 henkil\u00f6it\u00e4. Koiralla voidaan my\u00f6s etsi\u00e4 huumeita ajoneuvoista tai henkil\u00f6virrasta.<\/li>\n<li><b>Merivartiokoira<\/b> ty\u00f6skentelee rajatarkastuskoiran tapaan rahtialuksissa ja satamissa. Lis\u00e4ksi koiria voidaan k\u00e4ytt\u00e4\u00e4 meripelastusteht\u00e4viss\u00e4 henkil\u00f6n etsimiseen.<\/li>\n<\/ul>\n<p>Lis\u00e4ksi on muutamia erikoiskoiria, joille on koulutettu niiden operatiivisen vaatimuksen mukaisia asioita, esimerkiksi valmiusjoukkueisiin sijoitetut koirat.<\/p>\n<p>P\u00e4\u00e4asiallisesti <a href=\"http:\/\/www.raja.fi\/rmvk\/koiratoiminta\/koiramaara_ja_rotuvalikoima\" target=\"_blank\">Rajavartiolaitoksessa <\/a>on k\u00e4ytetty saksanpaimenkoiria. Saksanpaimenkoira hyv\u00e4n\u00e4 yleiskoirana sek\u00e4 s\u00e4\u00e4nkest\u00e4v\u00e4n\u00e4 on havaittu parhaaksi roduksi. Nykyisell\u00e4\u00e4n Rajavartiolaitoksessa palvelee noin 215 rajakoiraa.<\/p>\n<p>Rajavartiolaitos on suorittanut kasvatustoimintaa kennelnimell\u00e4 Rajan. Pentueita on tuotettu yli 50 kappaletta 60-luvun alkupuolelta l\u00e4htien. Nykyisin oma jalostustoiminta el\u00e4\u00e4 hiljaiseloa.<\/p>\n<p>T\u00e4ll\u00e4 hetkell\u00e4 k\u00e4ytett\u00e4vi\u00e4 rotuja ovat<\/p>\n<ul>\n<li>saksanpaimenkoira (180 kpl)<\/li>\n<li>labradorinnoutaja (22 kpl)<\/li>\n<li>belgianpaimenkoira (10 kpl)<\/li>\n<li>parsonrusselinterrieri (1 kpl)<\/li>\n<li>suursnautseri (1 kpl).<\/li>\n<\/ul>\n<p>Rotuun tai sukupuoleen katsomatta koirista arvostetaan seuraavia ominaisuuksia:<\/p>\n<ul>\n<li>hermorakenne<\/li>\n<li>toimintakyky<\/li>\n<li>terveys<\/li>\n<li>viettienergia ja taistelutahto<\/li>\n<li>ohjattavuus ja laumavietti<\/li>\n<\/ul>\n","protected":false},"excerpt":{"rendered":"<p>&nbsp; RAJAKOIRA Rajavartiolaitoksessa palvelevista koirista k\u00e4ytet\u00e4\u00e4n yleisnimityst\u00e4 rajakoira. Rajakoiralla voi olla koulutuslinjana rajavalvonta, rajatarkastus tai merivartio. Koirilta vaaditaan tottelevaisuuskoulutus sek\u00e4 koulutuslinjansa mukainen erikoisosaaminen Rajavalvontakoira ty\u00f6skentelee maastorajalla ja sen p\u00e4\u00e4asiallinen teht\u00e4v\u00e4 on j\u00e4lkien etsiminen ja ajaminen. Koiralle koulutetaan my\u00f6s esine- ja &hellip; <a class=\"more-link\" href=\"https:\/\/digitila.fi\/WP\/K-9\/rajakoirat\/\">Jatka lukemista <span class=\"meta-nav\">&rarr;<\/span><\/a><\/p>\n","protected":false},"author":1,"featured_media":0,"parent":0,"menu_order":0,"comment_status":"open","ping_status":"open","template":"","meta":{"footnotes":""},"_links":{"self":[{"href":"https:\/\/digitila.fi\/WP\/K-9\/wp-json\/wp\/v2\/pages\/18"}],"collection":[{"href":"https:\/\/digitila.fi\/WP\/K-9\/wp-json\/wp\/v2\/pages"}],"about":[{"href":"https:\/\/digitila.fi\/WP\/K-9\/wp-json\/wp\/v2\/types\/page"}],"author":[{"embeddable":true,"href":"https:\/\/digitila.fi\/WP\/K-9\/wp-json\/wp\/v2\/users\/1"}],"replies":[{"embeddable":true,"href":"https:\/\/digitila.fi\/WP\/K-9\/wp-json\/wp\/v2\/comments?post=18"}],"version-history":[{"count":2,"href":"https:\/\/digitila.fi\/WP\/K-9\/wp-json\/wp\/v2\/pages\/18\/revisions"}],"predecessor-version":[{"id":22,"href":"https:\/\/digitila.fi\/WP\/K-9\/wp-json\/wp\/v2\/pages\/18\/revisions\/22"}],"wp:attachment":[{"href":"https:\/\/digitila.fi\/WP\/K-9\/wp-json\/wp\/v2\/media?parent=18"}],"curies":[{"name":"wp","href":"https:\/\/api.w.org\/{rel}","templated":true}]}}