{"id":2,"date":"2015-04-20T17:33:10","date_gmt":"2015-04-20T17:33:10","guid":{"rendered":"http:\/\/digitila.fi\/WP\/k-9\/?page_id=2"},"modified":"2015-07-12T15:30:28","modified_gmt":"2015-07-12T15:30:28","slug":"esimerkkisivu","status":"publish","type":"page","link":"https:\/\/digitila.fi\/WP\/K-9\/","title":{"rendered":"K\u00e4ytt\u00f6linjaiset"},"content":{"rendered":"<div id=\"attachment_8\" style=\"width: 510px\" class=\"wp-caption alignnone\"><a href=\"http:\/\/digitila.fi\/WP\/K-9\/wp-content\/uploads\/sites\/4\/2015\/04\/165832_r500.jpg\"><img loading=\"lazy\" decoding=\"async\" aria-describedby=\"caption-attachment-8\" class=\"wp-image-8 size-full\" src=\"http:\/\/digitila.fi\/WP\/K-9\/wp-content\/uploads\/sites\/4\/2015\/04\/165832_r500.jpg\" alt=\"165832_r500\" width=\"500\" height=\"340\" srcset=\"https:\/\/digitila.fi\/WP\/K-9\/wp-content\/uploads\/sites\/4\/2015\/04\/165832_r500.jpg 500w, https:\/\/digitila.fi\/WP\/K-9\/wp-content\/uploads\/sites\/4\/2015\/04\/165832_r500-300x204.jpg 300w\" sizes=\"(max-width: 500px) 100vw, 500px\" \/><\/a><p id=\"caption-attachment-8\" class=\"wp-caption-text\">SA-KUVA: Koirapartio j\u00e4ljill\u00e4<\/p><\/div>\n<p>Sivuston tarkoi<span class=\"text_exposed_show\">tuksena on lis\u00e4t\u00e4 tietoutta\u00a0turvallisuusk\u00e4ytt\u00f6\u00f6n tarkoitetuista koirista. <\/span><\/p>\n<p><span class=\"text_exposed_show\">(Ks. <a href=\"https:\/\/www.facebook.com\/pages\/K%C3%A4ytt%C3%B6linjaiset-K-9\/238673579518285\" target=\"_blank\">Facebook<\/a>\u00a0K\u00e4ytt\u00f6linjaiset K-9 Ryhm\u00e4)<\/span><\/p>\n<p><strong>K\u00e4ytt\u00f6linjaisella<\/strong> koiralla tarkoitetaan koiraa, joka on jalostettu fysiikaltaan ja muilta ominaisuuksiltaan sopivaksi tiettyyn k\u00e4ytt\u00f6\u00f6n, kuten esimerkiksi virkakoirat (poliisi, puolustusvoimat, rajavartiolaitos ja tulli).<\/p>\n<p style=\"text-align: justify;\"><b>Pelastuskoiralla<\/b> tarkoitetaan viranomaisten avuksi kadonneiden ihmisten etsint\u00e4\u00e4n <a title=\"Koiran kouluttaminen\" href=\"http:\/\/fi.wikipedia.org\/wiki\/Koiran_kouluttaminen\">koulutettua<\/a> koiraa. Pelastuskoirat voivat olla joko viranomaisk\u00e4yt\u00f6ss\u00e4 olevia ty\u00f6koiria tai siviilien oman ty\u00f6ns\u00e4 ohella kouluttamia lemmikkikoiria, jotka kutsutaan tarvittaessa avustamaan etsinn\u00e4ss\u00e4. K\u00e4yt\u00e4nn\u00f6n etsint\u00e4teht\u00e4v\u00e4t voivat sis\u00e4lt\u00e4\u00e4 mm. mets\u00e4\u00e4n eksyneen etsint\u00e4\u00e4, kadonneen j\u00e4ljest\u00e4mist\u00e4 ja poikkeusoloissa ihmisten etsint\u00e4\u00e4 sortuneista rakennuksista (<a title=\"Rauniokoira\" href=\"http:\/\/fi.wikipedia.org\/wiki\/Rauniokoira\">rauniokoira<\/a>).<\/p>\n<p><strong>K-9 <\/strong>nimityst\u00e4 k\u00e4ytet\u00e4\u00e4n yleismaailmallisesti armeijan, poliisin ja rajavartiolaitoksen virkakoirista.<\/p>\n<p>&nbsp;<\/p>\n","protected":false},"excerpt":{"rendered":"<p>Sivuston tarkoituksena on lis\u00e4t\u00e4 tietoutta\u00a0turvallisuusk\u00e4ytt\u00f6\u00f6n tarkoitetuista koirista. (Ks. Facebook\u00a0K\u00e4ytt\u00f6linjaiset K-9 Ryhm\u00e4) K\u00e4ytt\u00f6linjaisella koiralla tarkoitetaan koiraa, joka on jalostettu fysiikaltaan ja muilta ominaisuuksiltaan sopivaksi tiettyyn k\u00e4ytt\u00f6\u00f6n, kuten esimerkiksi virkakoirat (poliisi, puolustusvoimat, rajavartiolaitos ja tulli). Pelastuskoiralla tarkoitetaan viranomaisten avuksi kadonneiden ihmisten etsint\u00e4\u00e4n &hellip; <a class=\"more-link\" href=\"https:\/\/digitila.fi\/WP\/K-9\/\">Jatka lukemista <span class=\"meta-nav\">&rarr;<\/span><\/a><\/p>\n","protected":false},"author":1,"featured_media":0,"parent":0,"menu_order":0,"comment_status":"open","ping_status":"open","template":"","meta":{"footnotes":""},"_links":{"self":[{"href":"https:\/\/digitila.fi\/WP\/K-9\/wp-json\/wp\/v2\/pages\/2"}],"collection":[{"href":"https:\/\/digitila.fi\/WP\/K-9\/wp-json\/wp\/v2\/pages"}],"about":[{"href":"https:\/\/digitila.fi\/WP\/K-9\/wp-json\/wp\/v2\/types\/page"}],"author":[{"embeddable":true,"href":"https:\/\/digitila.fi\/WP\/K-9\/wp-json\/wp\/v2\/users\/1"}],"replies":[{"embeddable":true,"href":"https:\/\/digitila.fi\/WP\/K-9\/wp-json\/wp\/v2\/comments?post=2"}],"version-history":[{"count":8,"href":"https:\/\/digitila.fi\/WP\/K-9\/wp-json\/wp\/v2\/pages\/2\/revisions"}],"predecessor-version":[{"id":37,"href":"https:\/\/digitila.fi\/WP\/K-9\/wp-json\/wp\/v2\/pages\/2\/revisions\/37"}],"wp:attachment":[{"href":"https:\/\/digitila.fi\/WP\/K-9\/wp-json\/wp\/v2\/media?parent=2"}],"curies":[{"name":"wp","href":"https:\/\/api.w.org\/{rel}","templated":true}]}}