{"id":76,"date":"2022-11-05T17:46:53","date_gmt":"2022-11-05T15:46:53","guid":{"rendered":"https:\/\/digitila.fi\/WP\/audiogis\/?page_id=76"},"modified":"2022-11-08T09:47:51","modified_gmt":"2022-11-08T07:47:51","slug":"audiogis","status":"publish","type":"page","link":"https:\/\/digitila.fi\/WP\/audiogis\/","title":{"rendered":"AudioGIS"},"content":{"rendered":"\n<h3 class=\"wp-block-heading\">Kehitett\u00e4v\u00e4t ratkaisut ja sovellukset perustuvat:<\/h3>\n\n\n\n<ul><li>sijaintiin<\/li><li>paikkaan<\/li><li>positioon<\/li><li>kohteeseen<\/li><li>alueeseen<\/li><li>reittiin<\/li><li>virtuaalimalliin<\/li><\/ul>\n\n\n\n<p>sidottuun \u00e4\u00e4ni-, puhe-, data-. kuva- ja video-viestint\u00e4\u00e4n sek\u00e4 mediasis\u00e4lt\u00f6jen tuottamiseen, tietoliikenteeseen ja mediahallintaan.<\/p>\n\n\n\n<p>Tuotamme teknisi\u00e4 ratkaisuja datan, tiedon ja median; ker\u00e4\u00e4miseen, koostamiseen, paikantamiseen, kommunikointiin, k\u00e4sittelyyn, varastointiin, esitt\u00e4miseen ja jakeluun.<\/p>\n\n\n\n<p>Kehit\u00e4mme pelillisi\u00e4 oppimis- ja simulointiymp\u00e4rist\u00f6j\u00e4 todellisiin tarpeisiin ja viihteeksi.<br>Muodostamme ratkaisuista dokumentoituja sovelluskonsepteja ja liiketoimintamalleja, joita lisenssointisopimuksen tehneet osalliset ovat oikeutettuja hy\u00f6dynt\u00e4m\u00e4\u00e4n omassa toiminnassaan.<\/p>\n\n\n\n<p>Konseptuaalisista sovellusratkaisuista kehit\u00e4mme demoja, prototyyppej\u00e4 ja k\u00e4ytt\u00f6pilotteja. Ratkaisujen hy\u00f6dyllisyys ja toteutettavuus k\u00e4yt\u00e4nt\u00f6\u00f6n varmennetaan koek\u00e4yt\u00f6iss\u00e4 ennen laajempaa tuotteistusta. Yksitt\u00e4iset tekniset ja tietotekniset ratkaisut testaamme kohdealueen todellisessa ymp\u00e4rist\u00f6ss\u00e4 ennen varsinaista tuotekehitys- ja tuotteistushankkeita. Kehitettyjen konseptien pohjalta suunnittelemme liiketoimintamallit.<\/p>\n\n\n\n<hr class=\"wp-block-separator has-alpha-channel-opacity\"\/>\n\n\n\n<p>Nimi&nbsp;<em>AudioGIS&nbsp;<\/em>pohjautuu alkuper\u00e4iseen ideakonseptiin, jossa jalostetaan \u00e4\u00e4neen (<em>audio<\/em>) perustuvia paikkatietoj\u00e4rjestelmi\u00e4 (<em>GIS<\/em>). T\u00e4m\u00e4 ydinajatus on laajentunut k\u00e4sitt\u00e4m\u00e4\u00e4n useita sovellusaloja ja niihin liittyvi\u00e4 teknisi\u00e4 ratkaisumalleja, laitekeksint\u00f6j\u00e4 ja konseptuaalisia j\u00e4rjestelmi\u00e4.<\/p>\n\n\n\n<p>Erityisesti nykyisin suosiotaan voimakkaasti laajentuva\u00a0<em>open electronics<\/em>\u00a0-lisenssointimalli  mahdollistaa entist\u00e4 nopeampaa k\u00e4yt\u00e4nt\u00f6\u00f6n soveltamista, ns. kokeilevaa kehityst\u00e4 hyvinkin edullisesti. T\u00e4m\u00e4 tarkoittaa laiteprotoilua ja kehitetyn teknisen ratkaisun kokeilua k\u00e4yt\u00e4nt\u00f6\u00f6n.<br><br>Tunnetuimpia t\u00e4mm\u00f6isist\u00e4 avoimista ja edullista kehittelyalustoista ovat mm.\u00a0<em>Raspberry Pi<\/em>\u00a0korttitietokoneet ja\u00a0<em>Arduino<\/em>\u00a0elektroniikkasarjat, jota ovat alkujaan kehitetty harrastus- ja opetusk\u00e4ytt\u00f6\u00f6n. Opensource -mallilla on kehitetty my\u00f6s sensoritekniikkaa mm. IoT -kehitysalustoiksi. Suomalainen\u00a0<em>RUUVI.COM<\/em>\u00a0on t\u00e4st\u00e4 hyv\u00e4 esimerkki. T\u00e4m\u00e4 edullisten ja avointen kehitysalustojen markkinoille tulo on edesauttanut my\u00f6s suurempien laite- ja elektroniikka- piirivalmistajien (esim.\u00a0<em>TI<\/em>\u00a0ja\u00a0<em>Intel<\/em>) omien referenssialustojen halpuuttamisen .<\/p>\n\n\n\n<hr class=\"wp-block-separator has-alpha-channel-opacity\"\/>\n\n\n\n<p class=\"has-text-align-center\"><strong>contact:<\/strong> <a href=\"https:\/\/digitila.fi\/WP\/taustalla\/\" target=\"_blank\" rel=\"noreferrer noopener\">Matti Pyykk\u00f6nen<\/a>&nbsp;\u00a92022 <a rel=\"noopener noreferrer\" href=\"https:\/\/digitila.fi\/\" target=\"_blank\">DigiTILA<\/a><\/p>\n\n\n\n<p class=\"has-text-align-center\">Digitila Ventures Oy<br>Y-tunnus: 3314664-7<\/p>\n\n\n\n<hr class=\"wp-block-separator has-alpha-channel-opacity\"\/>\n","protected":false},"excerpt":{"rendered":"<p>Kehitett\u00e4v\u00e4t ratkaisut ja sovellukset perustuvat: sijaintiin paikkaan positioon kohteeseen alueeseen reittiin virtuaalimalliin sidottuun \u00e4\u00e4ni-, puhe-, data-. kuva- ja video-viestint\u00e4\u00e4n sek\u00e4 mediasis\u00e4lt\u00f6jen tuottamiseen, tietoliikenteeseen ja mediahallintaan. Tuotamme teknisi\u00e4 ratkaisuja datan, tiedon ja median; ker\u00e4\u00e4miseen, koostamiseen, paikantamiseen, kommunikointiin, k\u00e4sittelyyn, varastointiin, esitt\u00e4miseen ja jakeluun. Kehit\u00e4mme pelillisi\u00e4 oppimis- ja simulointiymp\u00e4rist\u00f6j\u00e4 todellisiin tarpeisiin ja viihteeksi.Muodostamme ratkaisuista dokumentoituja sovelluskonsepteja ja liiketoimintamalleja, &hellip; <a href=\"https:\/\/digitila.fi\/WP\/audiogis\/\" class=\"more-link\">Jatka lukemista <span class=\"screen-reader-text\">AudioGIS<\/span> <span class=\"meta-nav\">&rarr;<\/span><\/a><\/p>\n","protected":false},"author":1,"featured_media":0,"parent":0,"menu_order":0,"comment_status":"closed","ping_status":"closed","template":"","meta":{"footnotes":""},"_links":{"self":[{"href":"https:\/\/digitila.fi\/WP\/audiogis\/wp-json\/wp\/v2\/pages\/76"}],"collection":[{"href":"https:\/\/digitila.fi\/WP\/audiogis\/wp-json\/wp\/v2\/pages"}],"about":[{"href":"https:\/\/digitila.fi\/WP\/audiogis\/wp-json\/wp\/v2\/types\/page"}],"author":[{"embeddable":true,"href":"https:\/\/digitila.fi\/WP\/audiogis\/wp-json\/wp\/v2\/users\/1"}],"replies":[{"embeddable":true,"href":"https:\/\/digitila.fi\/WP\/audiogis\/wp-json\/wp\/v2\/comments?post=76"}],"version-history":[{"count":7,"href":"https:\/\/digitila.fi\/WP\/audiogis\/wp-json\/wp\/v2\/pages\/76\/revisions"}],"predecessor-version":[{"id":133,"href":"https:\/\/digitila.fi\/WP\/audiogis\/wp-json\/wp\/v2\/pages\/76\/revisions\/133"}],"wp:attachment":[{"href":"https:\/\/digitila.fi\/WP\/audiogis\/wp-json\/wp\/v2\/media?parent=76"}],"curies":[{"name":"wp","href":"https:\/\/api.w.org\/{rel}","templated":true}]}}