{"id":98,"date":"2016-02-03T14:31:00","date_gmt":"2016-02-03T14:31:00","guid":{"rendered":"http:\/\/digitila.fi\/WP\/makers\/?page_id=98"},"modified":"2022-11-06T19:29:10","modified_gmt":"2022-11-06T19:29:10","slug":"software","status":"publish","type":"page","link":"https:\/\/digitila.fi\/WP\/makers\/software\/","title":{"rendered":"2-SOFTWARE"},"content":{"rendered":"<h3 id=\"Open_Source_REAL_AMP_DATA_Services\" class=\"showhide_heading\">OHJELMISTOKEHITYS\u00a0ANSAINNAN MAHDOLLISTAJANA<\/h3>\n<p style=\"text-align: justify;\">Tietoj\u00e4rjestelmien, ohjelmistojen ja yksitt\u00e4isten ohjelmien tai komponenttisten <em>appsien<\/em> suunnittelu-, kehitys- ja ohjelmointity\u00f6 mahdollistavat osaaville ihmisille pysyv\u00e4mp\u00e4\u00e4kin ansaintaa. Omaehtoinen jatkuva itsens\u00e4 kehitt\u00e4minen t\u00e4ll\u00e4 alalla on \u00a0jatkuvuuden perusedellytys. Ainoastaan perusopinnot alalla ei riit\u00e4, sill\u00e4 kehitys kehittyy nopeasti. Omaa soveltavaa osaamistaan kannattaa keskitt\u00e4\u00e4 \u00a0joihinkin tiettyihin kehitysymp\u00e4rist\u00f6ihin, menetelmiin, ohjelmointikieliin ja ohjelmistokehityksen ty\u00f6kaluihin. Osaamista on hyv\u00e4 kuitenkin p\u00e4ivitt\u00e4\u00e4 aika-ajoin ja tutustua my\u00f6s uusiin mahdollisuuksiin. Tietoteknisten ratkatkaisujen kaikki kehitysvaiheet tulee v\u00e4hint\u00e4inkin tiet\u00e4\u00e4 ja ymm\u00e4rt\u00e4\u00e4, riippumatta siit\u00e4 tekeek\u00f6 itse laajempaa kokonaisuutta palvelevaa suunnittelua ja m\u00e4\u00e4rittely\u00e4, vaikka olisikin itse keskittynyt enempi ohjelmointity\u00f6h\u00f6n. Samoin konseptointia ja m\u00e4\u00e4rityst\u00e4 tekevien on hyv\u00e4 hallita my\u00f6s ohjelmointi ett\u00e4 tunnistaa toteutuksen teknisi\u00e4 haasteita ja mahdollisuuksia.<\/p>\nOhjelmistokehitys voidaan karkeasti jakaa esimerkiksi seuraaviin osa-alueisiin:\n<ul>\n \t<li style=\"text-align: left;\">Konseptuaalinen j\u00e4rjestelm\u00e4kehitys; sovelluskonsepti<\/li>\n \t<li style=\"text-align: left;\">Tietoj\u00e4rjestelmien arkkitehtuurisuunnittelu; arkkitehtuuri<\/li>\n \t<li style=\"text-align: left;\">Systeemisuunnittelu; j\u00e4rjestelm\u00e4kuvaus, k\u00e4ytt\u00f6kuvaukset, toiminnollisuus, tiedonhallinta<\/li>\n \t<li style=\"text-align: left;\">Toiminnollinen ja tekninen\u00a0ohjelmistom\u00e4\u00e4ritys;\n<ul>\n \t<li style=\"text-align: left;\">ohjelmistokuvaus;\u00a0ohjelmakomponentit\u00a0ja\u00a0modulit<\/li>\n \t<li style=\"text-align: left;\">tietovarastomallit; tiedostot, tietokannat<\/li>\n \t<li style=\"text-align: left;\">j\u00e4rjestelm\u00e4n\u00a0rajapinnat ja\u00a0tietoliikenne; viestint\u00e4k\u00e4yt\u00e4nteet ja tiedonsiirtoprotokollat<\/li>\n<\/ul>\n<\/li>\n \t<li style=\"text-align: left;\">Ohjelmistosuunnittelu; ohjelmistosuunnitelmat<\/li>\n \t<li style=\"text-align: left;\">Ohjelmointi; sovellusohjelmat, tietoj\u00e4rjestelm\u00e4t<\/li>\n \t<li style=\"text-align: left;\">J\u00e4rjestelm\u00e4integrointi; sovellusten, moduulien ja komponenttien yhteensovittaminen<\/li>\n \t<li style=\"text-align: left;\">Tekninen ja toiminnollinen testaus; moduulit, sovellukset ja integraatio<\/li>\n \t<li style=\"text-align: left;\">K\u00e4ytt\u00f6\u00f6notto; asennus, k\u00e4ytt\u00e4j\u00e4opastus ja koulutus<\/li>\n<\/ul>\n<h3 id=\"TEEMA_3:_OS_Services\" class=\"showhide_heading\">TEEMA\u00a04<\/h3>\n<ul>\n \t<li style=\"list-style-type: none;\">\n<ul>\n \t<li>Systeeminen ajattelu<\/li>\n \t<li>Suunnittelumenetelm\u00e4t<\/li>\n \t<li>Ohjelmointikielen\u00e4 <a href=\"https:\/\/www.python.org\/\" target=\"_blank\" rel=\"noopener noreferrer\">Python<\/a><\/li>\n \t<li>Kehitysalustana Visual Studio &#8211; Python IDE<\/li>\n<\/ul>\n<\/li>\n<\/ul>\n\n<hr \/>\n\ntoimijaresursseja.\n\n<hr \/>\n\n<h3><span style=\"color: #000080;\"><strong>Palvelut<\/strong><\/span><\/h3>\n\n<hr \/>\n\n<ul>\n \t<li><a href=\"https:\/\/digitila.fi\/WP\/palvelutori\/\" target=\"_blank\" rel=\"noopener noreferrer\">DIGI Palvelu<\/a><\/li>\n \t<li><span style=\"color: #0000ff;\"><a href=\"https:\/\/digitila.fi\/WP\/tyopaja\/\" target=\"_blank\" rel=\"noopener noreferrer\">Digi PAJA<\/a><\/span><\/li>\n \t<li><a href=\"https:\/\/digitila.fi\/WP\/mentorointi\/\" target=\"_blank\" rel=\"noopener noreferrer\">Mentorointi<\/a><\/li>\n \t<li><span style=\"color: #0000ff;\"><a href=\"https:\/\/digitila.fi\/WP\/oppimo\/\" target=\"_blank\" rel=\"noopener noreferrer\">OPPIMO<\/a><\/span><\/li>\n \t<li><span style=\"color: #0000ff;\"><a href=\"https:\/\/digitila.fi\/WP\/digi-yhteiso\/\" target=\"_blank\" rel=\"noopener noreferrer\">Yhteis\u00f6j\u00e4rjestelm\u00e4<\/a><\/span><\/li>\n<\/ul>\n\n<hr \/>\n<p class=\"has-text-align-center\"><\/p>\n<p class=\"has-text-align-center\"><strong>contact:<\/strong> <a href=\"https:\/\/digitila.fi\/WP\/taustalla\/\" target=\"_blank\" rel=\"noreferrer noopener\">Matti Pyykk\u00f6nen<\/a>\u00a0\u00a92022 <a href=\"https:\/\/digitila.fi\/\" target=\"_blank\" rel=\"noopener noreferrer\">DigiTILA<\/a><\/p>\n<p class=\"has-text-align-center\"> <\/p>\n<p class=\"has-text-align-center\">Digitila Ventures Oy\nY-tunnus: 3314664-7<\/p>\n<p class=\"has-text-align-center\"><\/p>\n\n\n<hr \/>\n<p style=\"text-align: center;\"><\/p>\n<p style=\"text-align: center;\"><\/p>","protected":false},"excerpt":{"rendered":"<p>OHJELMISTOKEHITYS\u00a0ANSAINNAN MAHDOLLISTAJANA Tietoj\u00e4rjestelmien, ohjelmistojen ja yksitt\u00e4isten ohjelmien tai komponenttisten appsien suunnittelu-, kehitys- ja ohjelmointity\u00f6 mahdollistavat osaaville ihmisille pysyv\u00e4mp\u00e4\u00e4kin ansaintaa. Omaehtoinen jatkuva itsens\u00e4 kehitt\u00e4minen t\u00e4ll\u00e4 alalla on \u00a0jatkuvuuden perusedellytys. Ainoastaan perusopinnot alalla ei riit\u00e4, sill\u00e4 kehitys kehittyy nopeasti. Omaa soveltavaa osaamistaan kannattaa keskitt\u00e4\u00e4 \u00a0joihinkin tiettyihin kehitysymp\u00e4rist\u00f6ihin, menetelmiin, ohjelmointikieliin ja ohjelmistokehityksen ty\u00f6kaluihin. Osaamista on hyv\u00e4 kuitenkin p\u00e4ivitt\u00e4\u00e4&hellip;<\/p>\n","protected":false},"author":1,"featured_media":0,"parent":0,"menu_order":0,"comment_status":"closed","ping_status":"closed","template":"","meta":{"footnotes":""},"_links":{"self":[{"href":"https:\/\/digitila.fi\/WP\/makers\/wp-json\/wp\/v2\/pages\/98"}],"collection":[{"href":"https:\/\/digitila.fi\/WP\/makers\/wp-json\/wp\/v2\/pages"}],"about":[{"href":"https:\/\/digitila.fi\/WP\/makers\/wp-json\/wp\/v2\/types\/page"}],"author":[{"embeddable":true,"href":"https:\/\/digitila.fi\/WP\/makers\/wp-json\/wp\/v2\/users\/1"}],"replies":[{"embeddable":true,"href":"https:\/\/digitila.fi\/WP\/makers\/wp-json\/wp\/v2\/comments?post=98"}],"version-history":[{"count":7,"href":"https:\/\/digitila.fi\/WP\/makers\/wp-json\/wp\/v2\/pages\/98\/revisions"}],"predecessor-version":[{"id":160,"href":"https:\/\/digitila.fi\/WP\/makers\/wp-json\/wp\/v2\/pages\/98\/revisions\/160"}],"wp:attachment":[{"href":"https:\/\/digitila.fi\/WP\/makers\/wp-json\/wp\/v2\/media?parent=98"}],"curies":[{"name":"wp","href":"https:\/\/api.w.org\/{rel}","templated":true}]}}